{"id":305,"date":"2023-10-17T08:06:03","date_gmt":"2023-10-17T06:06:03","guid":{"rendered":"https:\/\/jaanaetleschevaux.com\/?page_id=305"},"modified":"2023-10-17T08:06:44","modified_gmt":"2023-10-17T06:06:44","slug":"kunst","status":"publish","type":"page","link":"https:\/\/jaanaetleschevaux.com\/index.php\/kunst\/","title":{"rendered":"Kunst"},"content":{"rendered":"\n<p>Wir Menschen haben die besondere F\u00e4higkeit, &#8220;mit unserem Geist zu reisen&#8221;, das hei\u00dft, abstrakt zu denken und etwas in unserer Vorstellung zu erschaffen. <\/p>\n\n\n\n<p>Kunst ist eine M\u00f6glichkeit, diese inneren Bilder sichtbar zu machen. Wir visualisieren, sprechen in Symbolen, verarbeiten Erlebnisse und Emotionen, kommunizieren Zusammenh\u00e4nge und k\u00f6nnen frei unsere eigene Welt &#8220;zusammenw\u00fcrfeln&#8221;.<\/p>\n\n\n\n<p>Derzeit findet sich ein Kurs- und Coaching-Angebot im Aufbau. Wenn Du eine individuelle Betreuung f\u00fcr Deinen k\u00fcnstlerischen Ausdruck suchst, kannst Du mich gerne f\u00fcr ein individuelles Coaching kontaktieren.<\/p>\n\n\n\n<p>Eigene Werke zu Symbolen und Seelenreisen:<\/p>\n\n\n\n<figure class=\"wp-block-gallery has-nested-images columns-default is-cropped wp-block-gallery-1 is-layout-flex wp-block-gallery-is-layout-flex\">\n<figure class=\"wp-block-image size-large\"><img loading=\"lazy\" decoding=\"async\" width=\"1024\" height=\"1000\" data-id=\"312\" src=\"https:\/\/jaanaetleschevaux.com\/wp-content\/uploads\/2023\/10\/07-16-Tree-of-life-with-words-V2blue-3-1024x1000.png\" alt=\"\" class=\"wp-image-312\" srcset=\"https:\/\/jaanaetleschevaux.com\/wp-content\/uploads\/2023\/10\/07-16-Tree-of-life-with-words-V2blue-3-1024x1000.png 1024w, https:\/\/jaanaetleschevaux.com\/wp-content\/uploads\/2023\/10\/07-16-Tree-of-life-with-words-V2blue-3-300x293.png 300w, https:\/\/jaanaetleschevaux.com\/wp-content\/uploads\/2023\/10\/07-16-Tree-of-life-with-words-V2blue-3-768x750.png 768w, https:\/\/jaanaetleschevaux.com\/wp-content\/uploads\/2023\/10\/07-16-Tree-of-life-with-words-V2blue-3-1536x1500.png 1536w, https:\/\/jaanaetleschevaux.com\/wp-content\/uploads\/2023\/10\/07-16-Tree-of-life-with-words-V2blue-3-2048x2001.png 2048w, https:\/\/jaanaetleschevaux.com\/wp-content\/uploads\/2023\/10\/07-16-Tree-of-life-with-words-V2blue-3-61x60.png 61w\" sizes=\"auto, (max-width: 1024px) 100vw, 1024px\" \/><\/figure>\n\n\n\n<figure class=\"wp-block-image size-large\"><img loading=\"lazy\" decoding=\"async\" width=\"800\" height=\"800\" data-id=\"310\" src=\"https:\/\/jaanaetleschevaux.com\/wp-content\/uploads\/2023\/10\/31-mask-inktober17.png\" alt=\"\" class=\"wp-image-310\" srcset=\"https:\/\/jaanaetleschevaux.com\/wp-content\/uploads\/2023\/10\/31-mask-inktober17.png 800w, https:\/\/jaanaetleschevaux.com\/wp-content\/uploads\/2023\/10\/31-mask-inktober17-300x300.png 300w, https:\/\/jaanaetleschevaux.com\/wp-content\/uploads\/2023\/10\/31-mask-inktober17-150x150.png 150w, https:\/\/jaanaetleschevaux.com\/wp-content\/uploads\/2023\/10\/31-mask-inktober17-768x768.png 768w, https:\/\/jaanaetleschevaux.com\/wp-content\/uploads\/2023\/10\/31-mask-inktober17-60x60.png 60w, https:\/\/jaanaetleschevaux.com\/wp-content\/uploads\/2023\/10\/31-mask-inktober17-468x468.png 468w\" sizes=\"auto, (max-width: 800px) 100vw, 800px\" \/><\/figure>\n\n\n\n<figure class=\"wp-block-image size-large\"><img loading=\"lazy\" decoding=\"async\" width=\"662\" height=\"940\" data-id=\"306\" src=\"https:\/\/jaanaetleschevaux.com\/wp-content\/uploads\/2023\/10\/38972-621444-alpha.jpg\" alt=\"\" class=\"wp-image-306\" srcset=\"https:\/\/jaanaetleschevaux.com\/wp-content\/uploads\/2023\/10\/38972-621444-alpha.jpg 662w, https:\/\/jaanaetleschevaux.com\/wp-content\/uploads\/2023\/10\/38972-621444-alpha-211x300.jpg 211w, https:\/\/jaanaetleschevaux.com\/wp-content\/uploads\/2023\/10\/38972-621444-alpha-42x60.jpg 42w\" sizes=\"auto, (max-width: 662px) 100vw, 662px\" \/><\/figure>\n\n\n\n<figure class=\"wp-block-image size-large\"><img loading=\"lazy\" decoding=\"async\" width=\"1024\" height=\"1024\" data-id=\"316\" src=\"https:\/\/jaanaetleschevaux.com\/wp-content\/uploads\/2023\/10\/aquarius003-1024x1024.jpg\" alt=\"\" class=\"wp-image-316\" srcset=\"https:\/\/jaanaetleschevaux.com\/wp-content\/uploads\/2023\/10\/aquarius003-1024x1024.jpg 1024w, https:\/\/jaanaetleschevaux.com\/wp-content\/uploads\/2023\/10\/aquarius003-300x300.jpg 300w, https:\/\/jaanaetleschevaux.com\/wp-content\/uploads\/2023\/10\/aquarius003-150x150.jpg 150w, https:\/\/jaanaetleschevaux.com\/wp-content\/uploads\/2023\/10\/aquarius003-768x768.jpg 768w, https:\/\/jaanaetleschevaux.com\/wp-content\/uploads\/2023\/10\/aquarius003-1536x1536.jpg 1536w, https:\/\/jaanaetleschevaux.com\/wp-content\/uploads\/2023\/10\/aquarius003-2048x2048.jpg 2048w, https:\/\/jaanaetleschevaux.com\/wp-content\/uploads\/2023\/10\/aquarius003-60x60.jpg 60w, https:\/\/jaanaetleschevaux.com\/wp-content\/uploads\/2023\/10\/aquarius003-468x468.jpg 468w\" sizes=\"auto, (max-width: 1024px) 100vw, 1024px\" \/><\/figure>\n\n\n\n<figure class=\"wp-block-image size-large\"><img loading=\"lazy\" decoding=\"async\" width=\"800\" height=\"905\" data-id=\"315\" src=\"https:\/\/jaanaetleschevaux.com\/wp-content\/uploads\/2023\/10\/celticspirithorse.png\" alt=\"\" class=\"wp-image-315\" srcset=\"https:\/\/jaanaetleschevaux.com\/wp-content\/uploads\/2023\/10\/celticspirithorse.png 800w, https:\/\/jaanaetleschevaux.com\/wp-content\/uploads\/2023\/10\/celticspirithorse-265x300.png 265w, https:\/\/jaanaetleschevaux.com\/wp-content\/uploads\/2023\/10\/celticspirithorse-768x869.png 768w, https:\/\/jaanaetleschevaux.com\/wp-content\/uploads\/2023\/10\/celticspirithorse-53x60.png 53w\" sizes=\"auto, (max-width: 800px) 100vw, 800px\" \/><\/figure>\n\n\n\n<figure class=\"wp-block-image size-large\"><img loading=\"lazy\" decoding=\"async\" width=\"841\" height=\"1000\" data-id=\"311\" src=\"https:\/\/jaanaetleschevaux.com\/wp-content\/uploads\/2023\/10\/coloredwaterhorse-kompr.jpg\" alt=\"\" class=\"wp-image-311\" srcset=\"https:\/\/jaanaetleschevaux.com\/wp-content\/uploads\/2023\/10\/coloredwaterhorse-kompr.jpg 841w, https:\/\/jaanaetleschevaux.com\/wp-content\/uploads\/2023\/10\/coloredwaterhorse-kompr-252x300.jpg 252w, https:\/\/jaanaetleschevaux.com\/wp-content\/uploads\/2023\/10\/coloredwaterhorse-kompr-768x913.jpg 768w, https:\/\/jaanaetleschevaux.com\/wp-content\/uploads\/2023\/10\/coloredwaterhorse-kompr-50x60.jpg 50w\" sizes=\"auto, (max-width: 841px) 100vw, 841px\" \/><\/figure>\n\n\n\n<figure class=\"wp-block-image size-large\"><img loading=\"lazy\" decoding=\"async\" width=\"808\" height=\"800\" data-id=\"309\" src=\"https:\/\/jaanaetleschevaux.com\/wp-content\/uploads\/2023\/10\/inktober2018-1-7-1scorpion-poisonous.png\" alt=\"\" class=\"wp-image-309\" srcset=\"https:\/\/jaanaetleschevaux.com\/wp-content\/uploads\/2023\/10\/inktober2018-1-7-1scorpion-poisonous.png 808w, https:\/\/jaanaetleschevaux.com\/wp-content\/uploads\/2023\/10\/inktober2018-1-7-1scorpion-poisonous-300x297.png 300w, https:\/\/jaanaetleschevaux.com\/wp-content\/uploads\/2023\/10\/inktober2018-1-7-1scorpion-poisonous-150x150.png 150w, https:\/\/jaanaetleschevaux.com\/wp-content\/uploads\/2023\/10\/inktober2018-1-7-1scorpion-poisonous-768x760.png 768w, https:\/\/jaanaetleschevaux.com\/wp-content\/uploads\/2023\/10\/inktober2018-1-7-1scorpion-poisonous-61x60.png 61w\" sizes=\"auto, (max-width: 808px) 100vw, 808px\" \/><\/figure>\n\n\n\n<figure class=\"wp-block-image size-large\"><img loading=\"lazy\" decoding=\"async\" width=\"800\" height=\"960\" data-id=\"317\" src=\"https:\/\/jaanaetleschevaux.com\/wp-content\/uploads\/2023\/10\/keltischerdrache2019-HG-color.png\" alt=\"\" class=\"wp-image-317\" srcset=\"https:\/\/jaanaetleschevaux.com\/wp-content\/uploads\/2023\/10\/keltischerdrache2019-HG-color.png 800w, https:\/\/jaanaetleschevaux.com\/wp-content\/uploads\/2023\/10\/keltischerdrache2019-HG-color-250x300.png 250w, https:\/\/jaanaetleschevaux.com\/wp-content\/uploads\/2023\/10\/keltischerdrache2019-HG-color-768x922.png 768w, https:\/\/jaanaetleschevaux.com\/wp-content\/uploads\/2023\/10\/keltischerdrache2019-HG-color-50x60.png 50w\" sizes=\"auto, (max-width: 800px) 100vw, 800px\" \/><\/figure>\n\n\n\n<figure class=\"wp-block-image size-large\"><img loading=\"lazy\" decoding=\"async\" width=\"735\" height=\"800\" data-id=\"318\" src=\"https:\/\/jaanaetleschevaux.com\/wp-content\/uploads\/2023\/10\/ponymandalacolor.png\" alt=\"\" class=\"wp-image-318\" srcset=\"https:\/\/jaanaetleschevaux.com\/wp-content\/uploads\/2023\/10\/ponymandalacolor.png 735w, https:\/\/jaanaetleschevaux.com\/wp-content\/uploads\/2023\/10\/ponymandalacolor-276x300.png 276w, https:\/\/jaanaetleschevaux.com\/wp-content\/uploads\/2023\/10\/ponymandalacolor-55x60.png 55w\" sizes=\"auto, (max-width: 735px) 100vw, 735px\" \/><\/figure>\n\n\n\n<figure class=\"wp-block-image size-large\"><img loading=\"lazy\" decoding=\"async\" width=\"465\" height=\"800\" data-id=\"307\" src=\"https:\/\/jaanaetleschevaux.com\/wp-content\/uploads\/2023\/10\/tatt-15-10-001-seepferdchen-color2.jpg\" alt=\"\" class=\"wp-image-307\" srcset=\"https:\/\/jaanaetleschevaux.com\/wp-content\/uploads\/2023\/10\/tatt-15-10-001-seepferdchen-color2.jpg 465w, https:\/\/jaanaetleschevaux.com\/wp-content\/uploads\/2023\/10\/tatt-15-10-001-seepferdchen-color2-174x300.jpg 174w, https:\/\/jaanaetleschevaux.com\/wp-content\/uploads\/2023\/10\/tatt-15-10-001-seepferdchen-color2-35x60.jpg 35w\" sizes=\"auto, (max-width: 465px) 100vw, 465px\" \/><\/figure>\n\n\n\n<figure class=\"wp-block-image size-large\"><img loading=\"lazy\" decoding=\"async\" width=\"563\" height=\"800\" data-id=\"308\" src=\"https:\/\/jaanaetleschevaux.com\/wp-content\/uploads\/2023\/10\/technicallion-V7.jpg\" alt=\"\" class=\"wp-image-308\" srcset=\"https:\/\/jaanaetleschevaux.com\/wp-content\/uploads\/2023\/10\/technicallion-V7.jpg 563w, https:\/\/jaanaetleschevaux.com\/wp-content\/uploads\/2023\/10\/technicallion-V7-211x300.jpg 211w, https:\/\/jaanaetleschevaux.com\/wp-content\/uploads\/2023\/10\/technicallion-V7-42x60.jpg 42w\" sizes=\"auto, (max-width: 563px) 100vw, 563px\" \/><\/figure>\n\n\n\n<figure class=\"wp-block-image size-large\"><img loading=\"lazy\" decoding=\"async\" width=\"631\" height=\"800\" data-id=\"313\" src=\"https:\/\/jaanaetleschevaux.com\/wp-content\/uploads\/2023\/10\/totemdreamcatchercolor.png\" alt=\"\" class=\"wp-image-313\" srcset=\"https:\/\/jaanaetleschevaux.com\/wp-content\/uploads\/2023\/10\/totemdreamcatchercolor.png 631w, https:\/\/jaanaetleschevaux.com\/wp-content\/uploads\/2023\/10\/totemdreamcatchercolor-237x300.png 237w, https:\/\/jaanaetleschevaux.com\/wp-content\/uploads\/2023\/10\/totemdreamcatchercolor-47x60.png 47w\" sizes=\"auto, (max-width: 631px) 100vw, 631px\" \/><\/figure>\n\n\n\n<figure class=\"wp-block-image size-large\"><img loading=\"lazy\" decoding=\"async\" width=\"797\" height=\"800\" data-id=\"314\" src=\"https:\/\/jaanaetleschevaux.com\/wp-content\/uploads\/2023\/10\/YZ-007-pfote-zentangle-HG.png\" alt=\"\" class=\"wp-image-314\" srcset=\"https:\/\/jaanaetleschevaux.com\/wp-content\/uploads\/2023\/10\/YZ-007-pfote-zentangle-HG.png 797w, https:\/\/jaanaetleschevaux.com\/wp-content\/uploads\/2023\/10\/YZ-007-pfote-zentangle-HG-300x300.png 300w, https:\/\/jaanaetleschevaux.com\/wp-content\/uploads\/2023\/10\/YZ-007-pfote-zentangle-HG-150x150.png 150w, https:\/\/jaanaetleschevaux.com\/wp-content\/uploads\/2023\/10\/YZ-007-pfote-zentangle-HG-768x771.png 768w, https:\/\/jaanaetleschevaux.com\/wp-content\/uploads\/2023\/10\/YZ-007-pfote-zentangle-HG-60x60.png 60w\" sizes=\"auto, (max-width: 797px) 100vw, 797px\" \/><\/figure>\n<\/figure>\n\n\n\n<p> <\/p>\n","protected":false},"excerpt":{"rendered":"<p>Wir Menschen haben die besondere F\u00e4higkeit, &#8220;mit unserem Geist zu reisen&#8221;, das hei\u00dft, abstrakt zu denken und etwas in unserer Vorstellung zu erschaffen. Kunst ist eine M\u00f6glichkeit, diese inneren Bilder sichtbar zu machen. Wir visualisieren, sprechen in Symbolen, verarbeiten Erlebnisse und Emotionen, kommunizieren Zusammenh\u00e4nge und k\u00f6nnen frei unsere eigene Welt &#8220;zusammenw\u00fcrfeln&#8221;. Derzeit findet sich ein &hellip; <\/p>\n","protected":false},"author":1,"featured_media":134,"parent":0,"menu_order":0,"comment_status":"closed","ping_status":"closed","template":"","meta":{"footnotes":""},"class_list":["post-305","page","type-page","status-publish","has-post-thumbnail","hentry"],"_links":{"self":[{"href":"https:\/\/jaanaetleschevaux.com\/index.php\/wp-json\/wp\/v2\/pages\/305","targetHints":{"allow":["GET"]}}],"collection":[{"href":"https:\/\/jaanaetleschevaux.com\/index.php\/wp-json\/wp\/v2\/pages"}],"about":[{"href":"https:\/\/jaanaetleschevaux.com\/index.php\/wp-json\/wp\/v2\/types\/page"}],"author":[{"embeddable":true,"href":"https:\/\/jaanaetleschevaux.com\/index.php\/wp-json\/wp\/v2\/users\/1"}],"replies":[{"embeddable":true,"href":"https:\/\/jaanaetleschevaux.com\/index.php\/wp-json\/wp\/v2\/comments?post=305"}],"version-history":[{"count":1,"href":"https:\/\/jaanaetleschevaux.com\/index.php\/wp-json\/wp\/v2\/pages\/305\/revisions"}],"predecessor-version":[{"id":319,"href":"https:\/\/jaanaetleschevaux.com\/index.php\/wp-json\/wp\/v2\/pages\/305\/revisions\/319"}],"wp:featuredmedia":[{"embeddable":true,"href":"https:\/\/jaanaetleschevaux.com\/index.php\/wp-json\/wp\/v2\/media\/134"}],"wp:attachment":[{"href":"https:\/\/jaanaetleschevaux.com\/index.php\/wp-json\/wp\/v2\/media?parent=305"}],"curies":[{"name":"wp","href":"https:\/\/api.w.org\/{rel}","templated":true}]}}