{"id":27,"date":"2023-10-09T09:41:41","date_gmt":"2023-10-09T07:41:41","guid":{"rendered":"http:\/\/jaanaetleschevaux.com\/?page_id=27"},"modified":"2023-12-16T08:10:43","modified_gmt":"2023-12-16T07:10:43","slug":"theta-healing","status":"publish","type":"page","link":"https:\/\/jaanaetleschevaux.com\/index.php\/theta-healing\/","title":{"rendered":"Theta Healing\u00ae"},"content":{"rendered":"\n<p>Theta Healing\u00ae ist eine spezielle Technik der energetischen Arbeit, indem man sich in den Theta-Zustand versetzt. Dieser entspricht zum Beispiel dem seit Urzeiten praktizierten Zustand der Meditation und der des Gebets. Diese Technik wurde in Amerika von der Heilpraktikerin Vianna Stibal ins Leben gerufen und in die ganze Welt verbreitet.&nbsp;&nbsp;<\/p>\n\n\n\n<p><a href=\"http:\/\/www.thetahealing.com\">Zur offiziellen Theta Healing Website f\u00fcr mehr Informationen -&gt;<\/a><\/p>\n\n\n\n<p>Gemeinsam schauen wir uns an was sich auf der energetischen Ebene abspielt und wie das den physischen K\u00f6rper beeinflusst. Meine Sitzungen gehen in der Regel 30-60 Minuten, die Themen k\u00f6nnen v\u00f6llig verschieden sein. Jede Sitzung ist unabh\u00e4ngig, wir erkunden die Thematik und l\u00f6sen auf &#8211; in jedem Fall schlie\u00dfen wir immer mit einem Fortschritt ab. F\u00fcr sehr intensive Themen sollte man jedoch durchaus mindestens 3 Sitzungen einplanen, die in einem beliebig angepassten Zeitraum durchgef\u00fchrt werden.<\/p>\n\n\n\n<p><strong>Ablauf:<\/strong> Die Sitzungen finden meistens auf Distanz statt &#8211; per Videochat oder Telefon. M\u00f6glich sind WhatsApp, Skype, Zoom und eventuell MS Teams. In der Regel beginnen wir mit einer Lesung der Thematik. Oftmals werden dabei Blockaden durch \u00c4ngste und Glaubenss\u00e4tze festgestellt und dann \u201cgraben\u201d wir uns sozusagen vor, bis wir an den Ursprung des Problems kommen.<\/p>\n\n\n\n<p>Ich gebe Sitzungen auf Deutsch, Franz\u00f6sisch und Englisch.<\/p>\n\n\n\n<p>Energetische Arbeit ist immer in Erg\u00e4nzung zur klassischen medizinischen Therapie zu verstehen und ersetzt diese niemals. Ich \u00fcbernehme keinerlei Haftung und Garantie weder f\u00fcr Heilerfolge noch f\u00fcr die Konsequenzen der Handlungen die in meinen Readings empfohlen werden. Jeder \u00fcbernimmt seine eigene Verantwortung f\u00fcr die Umsetzung. Personen mit starken Traumata oder bekannten psychischen Leiden wird empfohlen, diese Themen erst einmal mit konventioneller Therapie aufzuarbeiten.<\/p>\n\n\n\n<h3 class=\"wp-block-heading\"><mark style=\"background-color:rgba(0, 0, 0, 0)\" class=\"has-inline-color has-cyan-bluish-gray-color\">Preise:<\/mark><\/h3>\n\n\n\n<p class=\"has-background\" style=\"background:linear-gradient(135deg,rgb(200,181,246) 0%,rgb(242,236,247) 100%)\"><strong>Einmalige Sitzung\/Reading: <\/strong>50 \u20ac\/CHF f\u00fcr die ersten 30-45 min + 25 \u20ac\/CHF jede weitere angefangene halbe Stunde.<\/p>\n\n\n\n<p class=\"has-background\" style=\"background:linear-gradient(135deg,rgb(200,181,246) 0%,rgb(242,236,247) 100%)\"><strong>Eine Reihe von 3 Sitzungen:<\/strong> 135 \u20ac\/CHF f\u00fcr 3 Sitzungen (45 \u20ac\/CHF die Sitzung)<\/p>\n\n\n\n<p class=\"has-background\" style=\"background:linear-gradient(135deg,rgb(200,181,246) 0%,rgb(242,236,247) 100%)\"><strong>Intensiv-Coaching:<\/strong> eine Sitzung die Woche egal zu welcher Thematik: 160 \u20ac\/CHF pro Monat (ca. 40 \u20ac\/CHF die Sitzung)<\/p>\n\n\n\n<p class=\"has-background\" style=\"background:linear-gradient(135deg,rgb(202,155,234) 0%,rgb(230,218,241) 100%)\"><mark style=\"background-color:rgba(0, 0, 0, 0)\" class=\"has-inline-color has-black-color\"><strong>Reinigung einer Immobilie:<\/strong> Standard 100 \u20ac\/CHF<\/mark><\/p>\n\n\n\n<p>Die Preise verstehen sich inklusive aller Steuern. Die Preise in Schweizer Franken beinhalten bereits eventuelle Zoll- und Wechselgeb\u00fchren.<\/p>\n\n\n\n<p class=\"has-background\" style=\"background:linear-gradient(135deg,rgb(211,173,255) 0%,rgb(230,228,249) 100%)\"><a href=\"mailto:creative.jaana@gmail.com\"><strong>BUCHUNG PER MAIL<\/strong><\/a><\/p>\n\n\n<div class=\"wp-block-image\">\n<figure class=\"aligncenter size-full is-resized\"><img loading=\"lazy\" decoding=\"async\" width=\"593\" height=\"595\" src=\"http:\/\/jaanaetleschevaux.com\/wp-content\/uploads\/2023\/10\/celticyinyang-clear-e1696908080528.png\" alt=\"\" class=\"wp-image-109\" style=\"width:178px;height:179px\" srcset=\"https:\/\/jaanaetleschevaux.com\/wp-content\/uploads\/2023\/10\/celticyinyang-clear-e1696908080528.png 593w, https:\/\/jaanaetleschevaux.com\/wp-content\/uploads\/2023\/10\/celticyinyang-clear-e1696908080528-300x300.png 300w, https:\/\/jaanaetleschevaux.com\/wp-content\/uploads\/2023\/10\/celticyinyang-clear-e1696908080528-150x150.png 150w, https:\/\/jaanaetleschevaux.com\/wp-content\/uploads\/2023\/10\/celticyinyang-clear-e1696908080528-60x60.png 60w\" sizes=\"auto, (max-width: 593px) 100vw, 593px\" \/><\/figure>\n<\/div>\n\n\n<p>.<\/p>\n\n\n\n<h3 class=\"wp-block-heading\"><mark style=\"background-color:rgba(0, 0, 0, 0)\" class=\"has-inline-color has-cyan-bluish-gray-color\">Tierkommunikation, Readings und Reinigungen<\/mark><\/h3>\n\n\n\n<p>F\u00fcr die Arbeit mit Tieren, Orten und Gegenst\u00e4nden sowie anderen Personen ist es sch\u00f6n, wenn ich ein Foto bekommen kann, es muss auch kein aktuelles sein. In der Regel verbinden wir uns direkt in der Sitzung mit unserem Zielthema und es k\u00f6nnen Fragen an Tiere oder andere Personen gestellt werden. Wir k\u00f6nnen gegebenenfalls auch in einzelne Themen &#8220;hineingraben&#8221;.<\/p>\n\n\n\n<p>Wichtig ist, dass ich die Erlaubnis der Person erhalte, f\u00fcr die ein Reading gedacht ist. Ist eine normale Kommunikation nicht m\u00f6glich, so erfolgt die Erlaubnis \u00fcber den Besitzer des Tieres, des Grundst\u00fccks (auch als Mieter m\u00f6glich) oder eben der rechtm\u00e4\u00dfig vertretenden Person (Elternteil zum Beispiel). Auch ohne Erlaubnis ist eine Verbindung m\u00f6glich, es kann aber nicht in allen F\u00e4llen Heilung angewiesen werden.<\/p>\n\n\n\n<p>.<\/p>\n\n\n\n<p><\/p>\n\n\n\n<h3 class=\"wp-block-heading\"><mark style=\"background-color:rgba(0, 0, 0, 0)\" class=\"has-inline-color has-cyan-bluish-gray-color\">Gruppenmeditationen und Seelenreisen<\/mark><\/h3>\n\n\n\n<p>Punktuell finden Gruppenmeditationen und gef\u00fchrte Seelenreisen hier vor Ort und als Live\u00fcbertragung via Skype oder Zoom statt. Wer mitmachen m\u00f6chte, kann sich bei mir per Mail einschreiben und wird \u00fcber kommende Termine informiert.<\/p>\n","protected":false},"excerpt":{"rendered":"<p>Theta Healing\u00ae ist eine spezielle Technik der energetischen Arbeit, indem man sich in den Theta-Zustand versetzt. Dieser entspricht zum Beispiel dem seit Urzeiten praktizierten Zustand der Meditation und der des Gebets. Diese Technik wurde in Amerika von der Heilpraktikerin Vianna Stibal ins Leben gerufen und in die ganze Welt verbreitet.&nbsp;&nbsp; Zur offiziellen Theta Healing Website &hellip; <\/p>\n","protected":false},"author":1,"featured_media":134,"parent":0,"menu_order":0,"comment_status":"closed","ping_status":"closed","template":"","meta":{"footnotes":""},"class_list":["post-27","page","type-page","status-publish","has-post-thumbnail","hentry"],"_links":{"self":[{"href":"https:\/\/jaanaetleschevaux.com\/index.php\/wp-json\/wp\/v2\/pages\/27","targetHints":{"allow":["GET"]}}],"collection":[{"href":"https:\/\/jaanaetleschevaux.com\/index.php\/wp-json\/wp\/v2\/pages"}],"about":[{"href":"https:\/\/jaanaetleschevaux.com\/index.php\/wp-json\/wp\/v2\/types\/page"}],"author":[{"embeddable":true,"href":"https:\/\/jaanaetleschevaux.com\/index.php\/wp-json\/wp\/v2\/users\/1"}],"replies":[{"embeddable":true,"href":"https:\/\/jaanaetleschevaux.com\/index.php\/wp-json\/wp\/v2\/comments?post=27"}],"version-history":[{"count":39,"href":"https:\/\/jaanaetleschevaux.com\/index.php\/wp-json\/wp\/v2\/pages\/27\/revisions"}],"predecessor-version":[{"id":331,"href":"https:\/\/jaanaetleschevaux.com\/index.php\/wp-json\/wp\/v2\/pages\/27\/revisions\/331"}],"wp:featuredmedia":[{"embeddable":true,"href":"https:\/\/jaanaetleschevaux.com\/index.php\/wp-json\/wp\/v2\/media\/134"}],"wp:attachment":[{"href":"https:\/\/jaanaetleschevaux.com\/index.php\/wp-json\/wp\/v2\/media?parent=27"}],"curies":[{"name":"wp","href":"https:\/\/api.w.org\/{rel}","templated":true}]}}